{"id":10,"date":"2011-01-05T15:47:12","date_gmt":"2011-01-05T14:47:12","guid":{"rendered":"https:\/\/fundacja.radiopodlasie.pl\/?page_id=10"},"modified":"2022-06-24T19:09:30","modified_gmt":"2022-06-24T17:09:30","slug":"kontakt","status":"publish","type":"page","link":"https:\/\/fundacja.radiopodlasie.pl\/?page_id=10","title":{"rendered":"Kontakt"},"content":{"rendered":"<p style=\"text-align: center;\"><a href=\"https:\/\/fundacja.radiopodlasie.pl\/?attachment_id=16\" rel=\"attachment wp-att-16\"><img decoding=\"async\" loading=\"lazy\" class=\"aligncenter size-full wp-image-16\" src=\"https:\/\/fundacja.radiopodlasie.pl\/wp-content\/uploads\/2011\/01\/PCR_logo.png\" alt=\"PCR_logo\" width=\"200\" height=\"162\" \/><\/a><\/p>\n<p style=\"text-align: center;\"><strong>Siedziba Fundacji<\/strong><\/p>\n<p style=\"text-align: center;\">ul. Bpa \u015awirskiego 56<br \/>\n08-110 Siedlce<\/p>\n<p style=\"text-align: center;\">tel. 25 644 72 73 wew. 233<br \/>\ne-mail: <a href=\"mailto:fundacja@radiopodlasie.pl\">fundacja@radiopodlasie.pl<\/a><br \/>\n<a href=\"https:\/\/fundacja.radiopodlasie.pl\">fundacja.radiopodlasie.pl<\/a><\/p>\n<p style=\"text-align: center;\"><strong>KSI\u0118GOWO\u015a\u0106<\/strong><\/p>\n<p style=\"text-align: center;\">Renata Dziewulska<br \/>\ne-mail: <a href=\"mailto:ksiegowosc_pcr@radiopodlasie.pl\">ksiegowosc_pcr@radiopodlasie.pl<\/a><\/p>\n<hr \/>\n<p style=\"text-align: center;\"><strong>REGON: 142738566<\/strong><\/p>\n<p style=\"text-align: center;\"><strong>NIP: 8212615354<\/strong><\/p>\n<p style=\"text-align: center;\"><strong>KRS: 0000372277<\/strong><\/p>\n<div>\n<div style=\"text-align: center;\"><strong>konto fundacji:<\/strong> Bank Sp\u00f3\u0142dzielczy Siedlce<\/div>\n<div style=\"text-align: center;\"><strong> 51 9194 0007 0027 9712 2000 0010<\/strong><\/div>\n<\/div>\n<hr \/>\n<p style=\"text-align: center;\"><strong>Zarz\u0105d Fundacji<\/strong><\/p>\n<p style=\"text-align: center;\">e-mail: <a href=\"mailto:fundacja@radiopodlasie.pl\">fundacja@radiopodlasie.pl<\/a><br \/>\ntel. 25 644 72 73 wew. 233<br \/>\nfaks 25 644 64 47<\/p>\n<p style=\"text-align: center;\"><b>KAROL PRZESMYCKI<\/b> &#8211; <em>PREZES ZARZ\u0104DU<\/em><br \/>\n<strong>JAROS\u0141AW OPONOWICZ<\/strong> &#8211; <em>WICEPREZES<\/em><br \/>\n<strong>STANIS\u0141AW J\u0118DRZEJKOWSKI<\/strong> &#8211; <em>SKARBNIK<\/em><\/p>\n<p style=\"text-align: center;\"><strong>Organ nadzoru &#8211; RADA FUNDACJI<\/strong><br \/>\n<strong>KS. JACEK W\u0141ADYS\u0141AW \u015aWI\u0104TEK<\/strong> \u2013 PRZEWODNICZ\u0104CY<br \/>\n<strong>NATALIA SKRZYCZY\u0143SKA<\/strong> \u2013 CZ\u0141ONEK<br \/>\n<strong>KS. KRZYSZTOF DOMA\u0143SKI<\/strong> &#8211; CZ\u0141ONEK<\/p>\n<p style=\"text-align: center;\">\n","protected":false},"excerpt":{"rendered":"<p>Siedziba Fundacji ul. Bpa \u015awirskiego 56 08-110 Siedlce tel. 25 644 72 73 wew. 233 e-mail: fundacja@radiopodlasie.pl fundacja.radiopodlasie.pl KSI\u0118GOWO\u015a\u0106 Renata Dziewulska e-mail: ksiegowosc_pcr@radiopodlasie.pl REGON: 142738566 NIP: 8212615354 KRS: 0000372277 konto fundacji: Bank Sp\u00f3\u0142dzielczy Siedlce 51 9194 0007 0027 9712 2000 0010 Zarz\u0105d Fundacji e-mail: fundacja@radiopodlasie.pl tel. 25 644 72 73 wew. 233 faks 25 644 [&hellip;]<\/p>\n","protected":false},"author":1,"featured_media":0,"parent":0,"menu_order":0,"comment_status":"open","ping_status":"open","template":"","meta":{"ngg_post_thumbnail":0},"_links":{"self":[{"href":"https:\/\/fundacja.radiopodlasie.pl\/index.php?rest_route=\/wp\/v2\/pages\/10"}],"collection":[{"href":"https:\/\/fundacja.radiopodlasie.pl\/index.php?rest_route=\/wp\/v2\/pages"}],"about":[{"href":"https:\/\/fundacja.radiopodlasie.pl\/index.php?rest_route=\/wp\/v2\/types\/page"}],"author":[{"embeddable":true,"href":"https:\/\/fundacja.radiopodlasie.pl\/index.php?rest_route=\/wp\/v2\/users\/1"}],"replies":[{"embeddable":true,"href":"https:\/\/fundacja.radiopodlasie.pl\/index.php?rest_route=%2Fwp%2Fv2%2Fcomments&post=10"}],"version-history":[{"count":14,"href":"https:\/\/fundacja.radiopodlasie.pl\/index.php?rest_route=\/wp\/v2\/pages\/10\/revisions"}],"predecessor-version":[{"id":1425,"href":"https:\/\/fundacja.radiopodlasie.pl\/index.php?rest_route=\/wp\/v2\/pages\/10\/revisions\/1425"}],"wp:attachment":[{"href":"https:\/\/fundacja.radiopodlasie.pl\/index.php?rest_route=%2Fwp%2Fv2%2Fmedia&parent=10"}],"curies":[{"name":"wp","href":"https:\/\/api.w.org\/{rel}","templated":true}]}}