{"id":1195,"date":"2019-10-28T15:57:09","date_gmt":"2019-10-28T14:57:09","guid":{"rendered":"http:\/\/fundacja.radiopodlasie.pl\/?page_id=1195"},"modified":"2019-11-22T13:35:02","modified_gmt":"2019-11-22T12:35:02","slug":"projekty","status":"publish","type":"page","link":"https:\/\/fundacja.radiopodlasie.pl\/?page_id=1195","title":{"rendered":"Projekty"},"content":{"rendered":"<ul>\n<li><a href=\"http:\/\/fundacja.radiopodlasie.pl\/?page_id=1334\" target=\"_blank\" rel=\"noopener noreferrer\">Uwolnieni 2019<\/a><\/li>\n<li><a href=\"http:\/\/fundacja.radiopodlasie.pl\/?page_id=1348\" target=\"_blank\" rel=\"noopener noreferrer\">DESENIE LOSU czyli Opowie\u015bci o Gustawie Herlingu-Grudzi\u0144skim<\/a><\/li>\n<li><a href=\"http:\/\/fundacja.radiopodlasie.pl\/?page_id=1197\">&#8222;Oszcz\u0119dzaj ciep\u0142o. I Ty mo\u017cesz zosta\u0107 eko-domownikiem&#8221; &#8211; realizowany ze \u015brodk\u00f3w Narodowego Funduszu Ochrony \u015arodowiska i Gospodarki Wodnej<\/a>.<\/li>\n<\/ul>\n","protected":false},"excerpt":{"rendered":"<p>Uwolnieni 2019 DESENIE LOSU czyli Opowie\u015bci o Gustawie Herlingu-Grudzi\u0144skim &#8222;Oszcz\u0119dzaj ciep\u0142o. I Ty mo\u017cesz zosta\u0107 eko-domownikiem&#8221; &#8211; realizowany ze \u015brodk\u00f3w Narodowego Funduszu Ochrony \u015arodowiska i Gospodarki Wodnej.<\/p>\n","protected":false},"author":1,"featured_media":0,"parent":0,"menu_order":0,"comment_status":"closed","ping_status":"closed","template":"","meta":{"ngg_post_thumbnail":0},"_links":{"self":[{"href":"https:\/\/fundacja.radiopodlasie.pl\/index.php?rest_route=\/wp\/v2\/pages\/1195"}],"collection":[{"href":"https:\/\/fundacja.radiopodlasie.pl\/index.php?rest_route=\/wp\/v2\/pages"}],"about":[{"href":"https:\/\/fundacja.radiopodlasie.pl\/index.php?rest_route=\/wp\/v2\/types\/page"}],"author":[{"embeddable":true,"href":"https:\/\/fundacja.radiopodlasie.pl\/index.php?rest_route=\/wp\/v2\/users\/1"}],"replies":[{"embeddable":true,"href":"https:\/\/fundacja.radiopodlasie.pl\/index.php?rest_route=%2Fwp%2Fv2%2Fcomments&post=1195"}],"version-history":[{"count":4,"href":"https:\/\/fundacja.radiopodlasie.pl\/index.php?rest_route=\/wp\/v2\/pages\/1195\/revisions"}],"predecessor-version":[{"id":1356,"href":"https:\/\/fundacja.radiopodlasie.pl\/index.php?rest_route=\/wp\/v2\/pages\/1195\/revisions\/1356"}],"wp:attachment":[{"href":"https:\/\/fundacja.radiopodlasie.pl\/index.php?rest_route=%2Fwp%2Fv2%2Fmedia&parent=1195"}],"curies":[{"name":"wp","href":"https:\/\/api.w.org\/{rel}","templated":true}]}}

<ul>
<li><a href="http://fundacja.radiopodlasie.pl/?page_id=1334" target="_blank" rel="noopener noreferrer">Uwolnieni 2019</a></li>
<li><a href="http://fundacja.radiopodlasie.pl/?page_id=1348" target="_blank" rel="noopener noreferrer">DESENIE LOSU czyli Opowieści o Gustawie Herlingu-Grudzińskim</a></li>
<li><a href="http://fundacja.radiopodlasie.pl/?page_id=1197">&#8222;Oszczędzaj ciepło. I Ty możesz zostać eko-domownikiem&#8221; &#8211; realizowany ze środków Narodowego Funduszu Ochrony Środowiska i Gospodarki Wodnej</a>.</li>
</ul>

<p>Uwolnieni 2019 DESENIE LOSU czyli Opowieści o Gustawie Herlingu-Grudzińskim &#8222;Oszczędzaj ciepło. I Ty możesz zostać eko-domownikiem&#8221; &#8211; realizowany ze środków Narodowego Funduszu Ochrony Środowiska i Gospodarki Wodnej.</p>
