{"id":1197,"date":"2020-05-26T15:31:51","date_gmt":"2020-05-26T13:31:51","guid":{"rendered":"http:\/\/fundacja.radiopodlasie.pl\/?page_id=1197"},"modified":"2020-05-27T10:21:28","modified_gmt":"2020-05-27T08:21:28","slug":"oszczedzaj-cieplo-i-ty-mozesz-zostac-eko-domownikiem","status":"publish","type":"page","link":"https:\/\/fundacja.radiopodlasie.pl\/?page_id=1197","title":{"rendered":"Oszcz\u0119dzaj ciep\u0142o. I Ty mo\u017cesz zosta\u0107 eko-domownikiem"},"content":{"rendered":"<h1 style=\"text-align: center;\"><strong>ZAPYTANIE OFERTOWE<\/strong><\/h1>\n<p>&nbsp;<\/p>\n<p>Fundacja Podlaskie Centrum Radiowe zaprasza do sk\u0142adania ofert w post\u0119powaniu o udzielenie zam\u00f3wienia publicznego prowadzanego w trybie zapytania ofertowego na:<\/p>\n<h2>&nbsp;<\/h2>\n<h2 style=\"text-align: center;\"><strong><a href=\"http:\/\/fundacja.radiopodlasie.pl\/?page_id=1281\">Kadr\u0119 zarz\u0105dzaj\u0105c\u0105 projektem pod nazw\u0105<\/a><\/strong><\/h2>\n<p style=\"text-align: center;\"><em>\u201eOszcz\u0119dzaj ciep\u0142o. I Ty mo\u017cesz zosta\u0107 eko-domownikiem\u201d<\/em><br \/>\nrealizowanego ze \u015brodk\u00f3w Narodowego Funduszu Ochrony \u015arodowiska i Gospodarki Wodnej.<\/p>\n<h3 style=\"text-align: center;\">Termin zg\u0142osze\u0144 up\u0142ywa 05.06.2020 o godz. 10.00<\/h3>\n<p>&nbsp;<br \/>\n<!-- \n\n<p style=\"text-align: center;\"><strong>INFORMACJA O WYBORZE NAJKORZYSTNIEJSZEJ OFERTY\n(<\/strong><strong>Zapytanie ofertowe nr 01\/2020)<\/strong><\/p>\n\n --><\/p>\n<hr \/>\n<h2 style=\"text-align: center;\"><a href=\"http:\/\/fundacja.radiopodlasie.pl\/?page_id=1285\"><strong>Produkcj\u0119 wydawnictw drukowanych i multimedialnych<\/strong><\/a><\/h2>\n<p style=\"text-align: center;\">w ramach projektu pod nazw\u0105 \u201eOszcz\u0119dzaj ciep\u0142o. I Ty mo\u017cesz zosta\u0107 eko-domownikiem\u201d<br \/>\nrealizowanego ze \u015brodk\u00f3w Narodowego Funduszu Ochrony \u015arodowiska i Gospodarki Wodnej.<\/p>\n<h3 style=\"text-align: center;\">Termin zg\u0142osze\u0144 up\u0142ywa 05.06.2020 o godz. 10.00<\/h3>\n<p>&nbsp;<br \/>\n<!-- \n\n<p style=\"text-align: center;\"><strong>INFORMACJA O WYBORZE NAJKORZYSTNIEJSZEJ OFERTY\n(<\/strong><strong>Zapytanie ofertowe nr 02\/2020)<\/strong><\/p>\n\n --><\/p>\n<hr \/>\n<h2 style=\"text-align: center;\"><a href=\"http:\/\/fundacja.radiopodlasie.pl\/?page_id=1298\"><strong>Produkcja s\u0142uchowiska<\/strong><\/a><\/h2>\n<p style=\"text-align: center;\">w ramach projektu pod nazw\u0105 \u201eOszcz\u0119dzaj ciep\u0142o. I Ty mo\u017cesz zosta\u0107 eko-domownikiem\u201d<br \/>\nrealizowanego ze \u015brodk\u00f3w Narodowego Funduszu Ochrony \u015arodowiska i Gospodarki Wodnej.<\/p>\n<h3 style=\"text-align: center;\">Termin zg\u0142osze\u0144 up\u0142ywa 05.06.2020 o godz. 10.00<\/h3>\n<p><!-- \n\n<p style=\"text-align: center;\"><strong>INFORMACJA O WYBORZE NAJKORZYSTNIEJSZEJ OFERTY\n(<\/strong><strong>Zapytanie ofertowe nr 03\/2020)<\/strong><\/p>\n\n --><\/p>\n<hr \/>\n<h2 style=\"text-align: center;\"><strong><a href=\"http:\/\/fundacja.radiopodlasie.pl\/?page_id=1308\">Kampania promocyjna<\/a><\/strong><\/h2>\n<p style=\"text-align: center;\">w ramach projektu pod nazw\u0105 \u201eOszcz\u0119dzaj ciep\u0142o. I Ty mo\u017cesz zosta\u0107 eko-domownikiem\u201d<br \/>\nrealizowanego ze \u015brodk\u00f3w Narodowego Funduszu Ochrony \u015arodowiska i Gospodarki Wodnej.<\/p>\n<h3 style=\"text-align: center;\">Termin zg\u0142osze\u0144 up\u0142ywa 05.06.2020 o godz. 10.00<\/h3>\n<p><!-- \n\n<p style=\"text-align: center;\"><strong>INFORMACJA O WYBORZE NAJKORZYSTNIEJSZEJ OFERTY\n(<\/strong><strong>Zapytanie ofertowe nr 04\/2020)<\/strong><\/p>\n\n --><\/p>\n<hr \/>\n<p><!--\n\n\n<p style=\"text-align: center;\"><strong>Wysy\u0142ka i dystrybucja audiobooka i ksi\u0105\u017ceczki<\/strong>\nw ramach projektu pod nazw\u0105 \u201eOszcz\u0119dzaj ciep\u0142o. I Ty mo\u017cesz zosta\u0107 eko-domownikiem\u201d\nrealizowanego ze \u015brodk\u00f3w Narodowego Funduszu Ochrony \u015arodowiska i Gospodarki Wodnej.\n\n<\/p>\n\n\n\n<p style=\"text-align: center;\">Termin zg\u0142osze\u0144 up\u0142ywa 19.11.2019 o godz. 10.00<\/p>\n\n\n&nbsp;\n\n\n\n<p style=\"text-align: center;\"><strong>INFORMACJA O UNIEWA\u017bNIENIU POST\u0118POWANIA\n(<\/strong><strong>Zapytanie ofertowe nr 05\/2019)<\/strong>\n\n--><br \/>\n&nbsp;<\/p>\n<p>&nbsp;<\/p>\n","protected":false},"excerpt":{"rendered":"<p>ZAPYTANIE OFERTOWE &nbsp; Fundacja Podlaskie Centrum Radiowe zaprasza do sk\u0142adania ofert w post\u0119powaniu o udzielenie zam\u00f3wienia publicznego prowadzanego w trybie zapytania ofertowego na: &nbsp; Kadr\u0119 zarz\u0105dzaj\u0105c\u0105 projektem pod nazw\u0105 \u201eOszcz\u0119dzaj ciep\u0142o. I Ty mo\u017cesz zosta\u0107 eko-domownikiem\u201d realizowanego ze \u015brodk\u00f3w Narodowego Funduszu Ochrony \u015arodowiska i Gospodarki Wodnej. Termin zg\u0142osze\u0144 up\u0142ywa 05.06.2020 o godz. 10.00 &nbsp; Produkcj\u0119 [&hellip;]<\/p>\n","protected":false},"author":1,"featured_media":0,"parent":1195,"menu_order":0,"comment_status":"closed","ping_status":"closed","template":"","meta":{"ngg_post_thumbnail":0},"_links":{"self":[{"href":"https:\/\/fundacja.radiopodlasie.pl\/index.php?rest_route=\/wp\/v2\/pages\/1197"}],"collection":[{"href":"https:\/\/fundacja.radiopodlasie.pl\/index.php?rest_route=\/wp\/v2\/pages"}],"about":[{"href":"https:\/\/fundacja.radiopodlasie.pl\/index.php?rest_route=\/wp\/v2\/types\/page"}],"author":[{"embeddable":true,"href":"https:\/\/fundacja.radiopodlasie.pl\/index.php?rest_route=\/wp\/v2\/users\/1"}],"replies":[{"embeddable":true,"href":"https:\/\/fundacja.radiopodlasie.pl\/index.php?rest_route=%2Fwp%2Fv2%2Fcomments&post=1197"}],"version-history":[{"count":22,"href":"https:\/\/fundacja.radiopodlasie.pl\/index.php?rest_route=\/wp\/v2\/pages\/1197\/revisions"}],"predecessor-version":[{"id":1405,"href":"https:\/\/fundacja.radiopodlasie.pl\/index.php?rest_route=\/wp\/v2\/pages\/1197\/revisions\/1405"}],"up":[{"embeddable":true,"href":"https:\/\/fundacja.radiopodlasie.pl\/index.php?rest_route=\/wp\/v2\/pages\/1195"}],"wp:attachment":[{"href":"https:\/\/fundacja.radiopodlasie.pl\/index.php?rest_route=%2Fwp%2Fv2%2Fmedia&parent=1197"}],"curies":[{"name":"wp","href":"https:\/\/api.w.org\/{rel}","templated":true}]}}

Oszczędzaj ciepło. I Ty możesz zostać eko-domownikiem

<h1 style="text-align: center;"><strong>ZAPYTANIE OFERTOWE</strong></h1>
<p>&nbsp;</p>
<p>Fundacja Podlaskie Centrum Radiowe zaprasza do składania ofert w postępowaniu o udzielenie zamówienia publicznego prowadzanego w trybie zapytania ofertowego na:</p>
<h2>&nbsp;</h2>
<h2 style="text-align: center;"><strong><a href="http://fundacja.radiopodlasie.pl/?page_id=1281">Kadrę zarządzającą projektem pod nazwą</a></strong></h2>
<p style="text-align: center;"><em>„Oszczędzaj ciepło. I Ty możesz zostać eko-domownikiem”</em><br />
realizowanego ze środków Narodowego Funduszu Ochrony Środowiska i Gospodarki Wodnej.</p>
<h3 style="text-align: center;">Termin zgłoszeń upływa 05.06.2020 o godz. 10.00</h3>
<p>&nbsp;<br />
<!-- 

<p style="text-align: center;"><strong>INFORMACJA O WYBORZE NAJKORZYSTNIEJSZEJ OFERTY
(</strong><strong>Zapytanie ofertowe nr 01/2020)</strong></p>

 --></p>
<hr />
<h2 style="text-align: center;"><a href="http://fundacja.radiopodlasie.pl/?page_id=1285"><strong>Produkcję wydawnictw drukowanych i multimedialnych</strong></a></h2>
<p style="text-align: center;">w ramach projektu pod nazwą „Oszczędzaj ciepło. I Ty możesz zostać eko-domownikiem”<br />
realizowanego ze środków Narodowego Funduszu Ochrony Środowiska i Gospodarki Wodnej.</p>
<h3 style="text-align: center;">Termin zgłoszeń upływa 05.06.2020 o godz. 10.00</h3>
<p>&nbsp;<br />
<!-- 

<p style="text-align: center;"><strong>INFORMACJA O WYBORZE NAJKORZYSTNIEJSZEJ OFERTY
(</strong><strong>Zapytanie ofertowe nr 02/2020)</strong></p>

 --></p>
<hr />
<h2 style="text-align: center;"><a href="http://fundacja.radiopodlasie.pl/?page_id=1298"><strong>Produkcja słuchowiska</strong></a></h2>
<p style="text-align: center;">w ramach projektu pod nazwą „Oszczędzaj ciepło. I Ty możesz zostać eko-domownikiem”<br />
realizowanego ze środków Narodowego Funduszu Ochrony Środowiska i Gospodarki Wodnej.</p>
<h3 style="text-align: center;">Termin zgłoszeń upływa 05.06.2020 o godz. 10.00</h3>
<p><!-- 

<p style="text-align: center;"><strong>INFORMACJA O WYBORZE NAJKORZYSTNIEJSZEJ OFERTY
(</strong><strong>Zapytanie ofertowe nr 03/2020)</strong></p>

 --></p>
<hr />
<h2 style="text-align: center;"><strong><a href="http://fundacja.radiopodlasie.pl/?page_id=1308">Kampania promocyjna</a></strong></h2>
<p style="text-align: center;">w ramach projektu pod nazwą „Oszczędzaj ciepło. I Ty możesz zostać eko-domownikiem”<br />
realizowanego ze środków Narodowego Funduszu Ochrony Środowiska i Gospodarki Wodnej.</p>
<h3 style="text-align: center;">Termin zgłoszeń upływa 05.06.2020 o godz. 10.00</h3>
<p><!-- 

<p style="text-align: center;"><strong>INFORMACJA O WYBORZE NAJKORZYSTNIEJSZEJ OFERTY
(</strong><strong>Zapytanie ofertowe nr 04/2020)</strong></p>

 --></p>
<hr />
<p><!--


<p style="text-align: center;"><strong>Wysyłka i dystrybucja audiobooka i książeczki</strong>
w ramach projektu pod nazwą „Oszczędzaj ciepło. I Ty możesz zostać eko-domownikiem”
realizowanego ze środków Narodowego Funduszu Ochrony Środowiska i Gospodarki Wodnej.

</p>



<p style="text-align: center;">Termin zgłoszeń upływa 19.11.2019 o godz. 10.00</p>


&nbsp;



<p style="text-align: center;"><strong>INFORMACJA O UNIEWAŻNIENIU POSTĘPOWANIA
(</strong><strong>Zapytanie ofertowe nr 05/2019)</strong>

--><br />
&nbsp;</p>
<p>&nbsp;</p>

<p>ZAPYTANIE OFERTOWE &nbsp; Fundacja Podlaskie Centrum Radiowe zaprasza do składania ofert w postępowaniu o udzielenie zamówienia publicznego prowadzanego w trybie zapytania ofertowego na: &nbsp; Kadrę zarządzającą projektem pod nazwą „Oszczędzaj ciepło. I Ty możesz zostać eko-domownikiem” realizowanego ze środków Narodowego Funduszu Ochrony Środowiska i Gospodarki Wodnej. Termin zgłoszeń upływa 05.06.2020 o godz. 10.00 &nbsp; Produkcję [&hellip;]</p>
