{"id":1334,"date":"2019-11-22T13:22:06","date_gmt":"2019-11-22T12:22:06","guid":{"rendered":"http:\/\/fundacja.radiopodlasie.pl\/?page_id=1334"},"modified":"2019-11-22T13:30:54","modified_gmt":"2019-11-22T12:30:54","slug":"uwolnieni-2019","status":"publish","type":"page","link":"https:\/\/fundacja.radiopodlasie.pl\/?page_id=1334","title":{"rendered":"Uwolnieni 2019"},"content":{"rendered":"<p>Z danych NIK wynika, \u017ce ponad 30% by\u0142ych wychowank\u00f3w M\u0142odzie\u017cowych O\u015brodk\u00f3w Wychowawczych wchodzi w konflikt z prawem ju\u017c nied\u0142ugo po opuszczeniu o\u015brodka, przy czym po 5 latach od jego opuszczenia i samodzielnego \u017cycia niekorzystna sytuacja pog\u0142\u0119bia si\u0119 i a\u017c 60% wychowank\u00f3w MOW wchodzi na drog\u0119 przest\u0119pcz\u0105.<\/p>\n<p>Fundacja Podlaskie Centrum Radiowe i \u201eAmicus Media\u201d przy wsp\u00f3\u0142pracy<br \/>\nz Fundacj\u0105 \u201eS\u0142awek\u201d realizuj\u0105 projekt <strong>\u201eUwolnieni 2019\u201d, b\u0119d\u0105cy kontynuacj\u0105 ubieg\u0142orocznego projektu pod t\u0105 sam\u0105 nazw\u0105. Jego za\u0142o\u017ceniem jest dotarcie do &nbsp;<\/strong>osadzonych<br \/>\nw Zak\u0142adach Karnych<strong>, wychowank\u00f3w MOW-\u00f3w i uczni\u00f3w szk\u00f3\u0142 \u015brednich, zlokalizowanych na terenach o podwy\u017cszonym zagro\u017ceniu przest\u0119pczo\u015bci\u0105.<\/strong><\/p>\n<p>Celem projektu \u201eUwolnieni 2019\u201d jest przeciwdzia\u0142anie zachowaniom przest\u0119pczym, profilaktyka uzale\u017cnie\u0144 i promocja zdrowego stylu \u017cycia.<\/p>\n<p>Jego realizacja prowadzona jest na kilku p\u0142aszczyznach. Przeprowadzone i nagrane zosta\u0142y wywiady z by\u0142ymi przest\u0119pcami, ich bliskimi oraz ekspertami z zakresu resocjalizacji. Nast\u0119pnie stworzono dokument o m\u0142odzie\u017cy skonfliktowanej z prawem. Film by\u0142 emitowany w 30 plac\u00f3wkach podczas spotka\u0144 edukacyjnych z udzia\u0142em bohater\u00f3w tego dokumentu. Kolejnym elementem spotka\u0144 by\u0142a dyskusja, podczas kt\u00f3rej poruszano zagadnienia takie jak zapobieganie agresji i przest\u0119pczo\u015bci czy uzale\u017cnienia.<\/p>\n<p>Zach\u0119camy do odwiedzenia strony internetowej: uwolnieni.edu.pl, profilu na Instgramie: uwolnieni_2019 oraz Facebooku: Uwolnieni 2019.<\/p>\n<p>ZAPRASZAMY NA<\/p>\n<h1 style=\"text-align: center;\"><a href=\"http:\/\/uwolnieni.edu.pl\" target=\"_blank\" rel=\"noopener noreferrer\">UWOLNIENI 2019<\/a><\/h1>\n<p>&nbsp;<\/p>\n<p><em>Wsp\u00f3\u0142finansowano ze \u015brodk\u00f3w Funduszu Sprawiedliwo\u015bci, kt\u00f3rego dysponentem jest Minister Sprawiedliwo\u015bci. <a href=\"http:\/\/fundacja.radiopodlasie.pl\/wp-content\/uploads\/2019\/11\/Bez-tytu\u0142u.png\"><img decoding=\"async\" loading=\"lazy\" class=\"alignleft size-full wp-image-1336\" src=\"http:\/\/fundacja.radiopodlasie.pl\/wp-content\/uploads\/2019\/11\/Bez-tytu\u0142u.png\" alt=\"\" width=\"1821\" height=\"769\" srcset=\"https:\/\/fundacja.radiopodlasie.pl\/wp-content\/uploads\/2019\/11\/Bez-tytu\u0142u.png 1821w, https:\/\/fundacja.radiopodlasie.pl\/wp-content\/uploads\/2019\/11\/Bez-tytu\u0142u-300x127.png 300w, https:\/\/fundacja.radiopodlasie.pl\/wp-content\/uploads\/2019\/11\/Bez-tytu\u0142u-768x324.png 768w, https:\/\/fundacja.radiopodlasie.pl\/wp-content\/uploads\/2019\/11\/Bez-tytu\u0142u-1024x432.png 1024w\" sizes=\"(max-width: 1821px) 100vw, 1821px\" \/><\/a> <a href=\"http:\/\/fundacja.radiopodlasie.pl\/wp-content\/uploads\/2019\/11\/IMG-20190918-WA0009.jpg\"><img decoding=\"async\" loading=\"lazy\" class=\"alignleft size-full wp-image-1337\" src=\"http:\/\/fundacja.radiopodlasie.pl\/wp-content\/uploads\/2019\/11\/IMG-20190918-WA0009.jpg\" alt=\"\" width=\"1600\" height=\"777\" srcset=\"https:\/\/fundacja.radiopodlasie.pl\/wp-content\/uploads\/2019\/11\/IMG-20190918-WA0009.jpg 1600w, https:\/\/fundacja.radiopodlasie.pl\/wp-content\/uploads\/2019\/11\/IMG-20190918-WA0009-300x146.jpg 300w, https:\/\/fundacja.radiopodlasie.pl\/wp-content\/uploads\/2019\/11\/IMG-20190918-WA0009-768x373.jpg 768w, https:\/\/fundacja.radiopodlasie.pl\/wp-content\/uploads\/2019\/11\/IMG-20190918-WA0009-1024x497.jpg 1024w\" sizes=\"(max-width: 1600px) 100vw, 1600px\" \/><\/a> <a href=\"http:\/\/fundacja.radiopodlasie.pl\/wp-content\/uploads\/2019\/11\/IMG-20190919-WA0012.jpg\"><img decoding=\"async\" loading=\"lazy\" class=\"alignleft size-full wp-image-1338\" src=\"http:\/\/fundacja.radiopodlasie.pl\/wp-content\/uploads\/2019\/11\/IMG-20190919-WA0012.jpg\" alt=\"\" width=\"1600\" height=\"777\" srcset=\"https:\/\/fundacja.radiopodlasie.pl\/wp-content\/uploads\/2019\/11\/IMG-20190919-WA0012.jpg 1600w, https:\/\/fundacja.radiopodlasie.pl\/wp-content\/uploads\/2019\/11\/IMG-20190919-WA0012-300x146.jpg 300w, https:\/\/fundacja.radiopodlasie.pl\/wp-content\/uploads\/2019\/11\/IMG-20190919-WA0012-768x373.jpg 768w, https:\/\/fundacja.radiopodlasie.pl\/wp-content\/uploads\/2019\/11\/IMG-20190919-WA0012-1024x497.jpg 1024w\" sizes=\"(max-width: 1600px) 100vw, 1600px\" \/><\/a> <a href=\"http:\/\/fundacja.radiopodlasie.pl\/wp-content\/uploads\/2019\/11\/IMG-20191014-WA0003.jpg\"><img decoding=\"async\" loading=\"lazy\" class=\"alignleft size-full wp-image-1339\" src=\"http:\/\/fundacja.radiopodlasie.pl\/wp-content\/uploads\/2019\/11\/IMG-20191014-WA0003.jpg\" alt=\"\" width=\"1600\" height=\"777\" srcset=\"https:\/\/fundacja.radiopodlasie.pl\/wp-content\/uploads\/2019\/11\/IMG-20191014-WA0003.jpg 1600w, https:\/\/fundacja.radiopodlasie.pl\/wp-content\/uploads\/2019\/11\/IMG-20191014-WA0003-300x146.jpg 300w, https:\/\/fundacja.radiopodlasie.pl\/wp-content\/uploads\/2019\/11\/IMG-20191014-WA0003-768x373.jpg 768w, https:\/\/fundacja.radiopodlasie.pl\/wp-content\/uploads\/2019\/11\/IMG-20191014-WA0003-1024x497.jpg 1024w\" sizes=\"(max-width: 1600px) 100vw, 1600px\" \/><\/a><\/em><\/p>\n<p><a href=\"http:\/\/fundacja.radiopodlasie.pl\/wp-content\/uploads\/2019\/11\/stopka.png\"><img decoding=\"async\" loading=\"lazy\" class=\"size-full wp-image-1335 aligncenter\" src=\"http:\/\/fundacja.radiopodlasie.pl\/wp-content\/uploads\/2019\/11\/stopka.png\" alt=\"\" width=\"1200\" height=\"100\" srcset=\"https:\/\/fundacja.radiopodlasie.pl\/wp-content\/uploads\/2019\/11\/stopka.png 1200w, https:\/\/fundacja.radiopodlasie.pl\/wp-content\/uploads\/2019\/11\/stopka-300x25.png 300w, https:\/\/fundacja.radiopodlasie.pl\/wp-content\/uploads\/2019\/11\/stopka-768x64.png 768w, https:\/\/fundacja.radiopodlasie.pl\/wp-content\/uploads\/2019\/11\/stopka-1024x85.png 1024w\" sizes=\"(max-width: 1200px) 100vw, 1200px\" \/><\/a><\/p>\n","protected":false},"excerpt":{"rendered":"<p>Z danych NIK wynika, \u017ce ponad 30% by\u0142ych wychowank\u00f3w M\u0142odzie\u017cowych O\u015brodk\u00f3w Wychowawczych wchodzi w konflikt z prawem ju\u017c nied\u0142ugo po opuszczeniu o\u015brodka, przy czym po 5 latach od jego opuszczenia i samodzielnego \u017cycia niekorzystna sytuacja pog\u0142\u0119bia si\u0119 i a\u017c 60% wychowank\u00f3w MOW wchodzi na drog\u0119 przest\u0119pcz\u0105. Fundacja Podlaskie Centrum Radiowe i \u201eAmicus Media\u201d przy wsp\u00f3\u0142pracy [&hellip;]<\/p>\n","protected":false},"author":1,"featured_media":1337,"parent":1195,"menu_order":0,"comment_status":"closed","ping_status":"closed","template":"","meta":{"ngg_post_thumbnail":0},"_links":{"self":[{"href":"https:\/\/fundacja.radiopodlasie.pl\/index.php?rest_route=\/wp\/v2\/pages\/1334"}],"collection":[{"href":"https:\/\/fundacja.radiopodlasie.pl\/index.php?rest_route=\/wp\/v2\/pages"}],"about":[{"href":"https:\/\/fundacja.radiopodlasie.pl\/index.php?rest_route=\/wp\/v2\/types\/page"}],"author":[{"embeddable":true,"href":"https:\/\/fundacja.radiopodlasie.pl\/index.php?rest_route=\/wp\/v2\/users\/1"}],"replies":[{"embeddable":true,"href":"https:\/\/fundacja.radiopodlasie.pl\/index.php?rest_route=%2Fwp%2Fv2%2Fcomments&post=1334"}],"version-history":[{"count":3,"href":"https:\/\/fundacja.radiopodlasie.pl\/index.php?rest_route=\/wp\/v2\/pages\/1334\/revisions"}],"predecessor-version":[{"id":1351,"href":"https:\/\/fundacja.radiopodlasie.pl\/index.php?rest_route=\/wp\/v2\/pages\/1334\/revisions\/1351"}],"up":[{"embeddable":true,"href":"https:\/\/fundacja.radiopodlasie.pl\/index.php?rest_route=\/wp\/v2\/pages\/1195"}],"wp:featuredmedia":[{"embeddable":true,"href":"https:\/\/fundacja.radiopodlasie.pl\/index.php?rest_route=\/wp\/v2\/media\/1337"}],"wp:attachment":[{"href":"https:\/\/fundacja.radiopodlasie.pl\/index.php?rest_route=%2Fwp%2Fv2%2Fmedia&parent=1334"}],"curies":[{"name":"wp","href":"https:\/\/api.w.org\/{rel}","templated":true}]}}

<p>Z danych NIK wynika, że ponad 30% byłych wychowanków Młodzieżowych Ośrodków Wychowawczych wchodzi w konflikt z prawem już niedługo po opuszczeniu ośrodka, przy czym po 5 latach od jego opuszczenia i samodzielnego życia niekorzystna sytuacja pogłębia się i aż 60% wychowanków MOW wchodzi na drogę przestępczą.</p>
<p>Fundacja Podlaskie Centrum Radiowe i „Amicus Media” przy współpracy<br />
z Fundacją „Sławek” realizują projekt <strong>„Uwolnieni 2019”, będący kontynuacją ubiegłorocznego projektu pod tą samą nazwą. Jego założeniem jest dotarcie do &nbsp;</strong>osadzonych<br />
w Zakładach Karnych<strong>, wychowanków MOW-ów i uczniów szkół średnich, zlokalizowanych na terenach o podwyższonym zagrożeniu przestępczością.</strong></p>
<p>Celem projektu „Uwolnieni 2019” jest przeciwdziałanie zachowaniom przestępczym, profilaktyka uzależnień i promocja zdrowego stylu życia.</p>
<p>Jego realizacja prowadzona jest na kilku płaszczyznach. Przeprowadzone i nagrane zostały wywiady z byłymi przestępcami, ich bliskimi oraz ekspertami z zakresu resocjalizacji. Następnie stworzono dokument o młodzieży skonfliktowanej z prawem. Film był emitowany w 30 placówkach podczas spotkań edukacyjnych z udziałem bohaterów tego dokumentu. Kolejnym elementem spotkań była dyskusja, podczas której poruszano zagadnienia takie jak zapobieganie agresji i przestępczości czy uzależnienia.</p>
<p>Zachęcamy do odwiedzenia strony internetowej: uwolnieni.edu.pl, profilu na Instgramie: uwolnieni_2019 oraz Facebooku: Uwolnieni 2019.</p>
<p>ZAPRASZAMY NA</p>
<h1 style="text-align: center;"><a href="http://uwolnieni.edu.pl" target="_blank" rel="noopener noreferrer">UWOLNIENI 2019</a></h1>
<p>&nbsp;</p>
<p><em>Współfinansowano ze środków Funduszu Sprawiedliwości, którego dysponentem jest Minister Sprawiedliwości. <a href="http://fundacja.radiopodlasie.pl/wp-content/uploads/2019/11/Bez-tytułu.png"><img decoding="async" loading="lazy" class="alignleft size-full wp-image-1336" src="http://fundacja.radiopodlasie.pl/wp-content/uploads/2019/11/Bez-tytułu.png" alt="" width="1821" height="769" srcset="https://fundacja.radiopodlasie.pl/wp-content/uploads/2019/11/Bez-tytułu.png 1821w, https://fundacja.radiopodlasie.pl/wp-content/uploads/2019/11/Bez-tytułu-300x127.png 300w, https://fundacja.radiopodlasie.pl/wp-content/uploads/2019/11/Bez-tytułu-768x324.png 768w, https://fundacja.radiopodlasie.pl/wp-content/uploads/2019/11/Bez-tytułu-1024x432.png 1024w" sizes="(max-width: 1821px) 100vw, 1821px" /></a> <a href="http://fundacja.radiopodlasie.pl/wp-content/uploads/2019/11/IMG-20190918-WA0009.jpg"><img decoding="async" loading="lazy" class="alignleft size-full wp-image-1337" src="http://fundacja.radiopodlasie.pl/wp-content/uploads/2019/11/IMG-20190918-WA0009.jpg" alt="" width="1600" height="777" srcset="https://fundacja.radiopodlasie.pl/wp-content/uploads/2019/11/IMG-20190918-WA0009.jpg 1600w, https://fundacja.radiopodlasie.pl/wp-content/uploads/2019/11/IMG-20190918-WA0009-300x146.jpg 300w, https://fundacja.radiopodlasie.pl/wp-content/uploads/2019/11/IMG-20190918-WA0009-768x373.jpg 768w, https://fundacja.radiopodlasie.pl/wp-content/uploads/2019/11/IMG-20190918-WA0009-1024x497.jpg 1024w" sizes="(max-width: 1600px) 100vw, 1600px" /></a> <a href="http://fundacja.radiopodlasie.pl/wp-content/uploads/2019/11/IMG-20190919-WA0012.jpg"><img decoding="async" loading="lazy" class="alignleft size-full wp-image-1338" src="http://fundacja.radiopodlasie.pl/wp-content/uploads/2019/11/IMG-20190919-WA0012.jpg" alt="" width="1600" height="777" srcset="https://fundacja.radiopodlasie.pl/wp-content/uploads/2019/11/IMG-20190919-WA0012.jpg 1600w, https://fundacja.radiopodlasie.pl/wp-content/uploads/2019/11/IMG-20190919-WA0012-300x146.jpg 300w, https://fundacja.radiopodlasie.pl/wp-content/uploads/2019/11/IMG-20190919-WA0012-768x373.jpg 768w, https://fundacja.radiopodlasie.pl/wp-content/uploads/2019/11/IMG-20190919-WA0012-1024x497.jpg 1024w" sizes="(max-width: 1600px) 100vw, 1600px" /></a> <a href="http://fundacja.radiopodlasie.pl/wp-content/uploads/2019/11/IMG-20191014-WA0003.jpg"><img decoding="async" loading="lazy" class="alignleft size-full wp-image-1339" src="http://fundacja.radiopodlasie.pl/wp-content/uploads/2019/11/IMG-20191014-WA0003.jpg" alt="" width="1600" height="777" srcset="https://fundacja.radiopodlasie.pl/wp-content/uploads/2019/11/IMG-20191014-WA0003.jpg 1600w, https://fundacja.radiopodlasie.pl/wp-content/uploads/2019/11/IMG-20191014-WA0003-300x146.jpg 300w, https://fundacja.radiopodlasie.pl/wp-content/uploads/2019/11/IMG-20191014-WA0003-768x373.jpg 768w, https://fundacja.radiopodlasie.pl/wp-content/uploads/2019/11/IMG-20191014-WA0003-1024x497.jpg 1024w" sizes="(max-width: 1600px) 100vw, 1600px" /></a></em></p>
<p><a href="http://fundacja.radiopodlasie.pl/wp-content/uploads/2019/11/stopka.png"><img decoding="async" loading="lazy" class="size-full wp-image-1335 aligncenter" src="http://fundacja.radiopodlasie.pl/wp-content/uploads/2019/11/stopka.png" alt="" width="1200" height="100" srcset="https://fundacja.radiopodlasie.pl/wp-content/uploads/2019/11/stopka.png 1200w, https://fundacja.radiopodlasie.pl/wp-content/uploads/2019/11/stopka-300x25.png 300w, https://fundacja.radiopodlasie.pl/wp-content/uploads/2019/11/stopka-768x64.png 768w, https://fundacja.radiopodlasie.pl/wp-content/uploads/2019/11/stopka-1024x85.png 1024w" sizes="(max-width: 1200px) 100vw, 1200px" /></a></p>

<p>Z danych NIK wynika, że ponad 30% byłych wychowanków Młodzieżowych Ośrodków Wychowawczych wchodzi w konflikt z prawem już niedługo po opuszczeniu ośrodka, przy czym po 5 latach od jego opuszczenia i samodzielnego życia niekorzystna sytuacja pogłębia się i aż 60% wychowanków MOW wchodzi na drogę przestępczą. Fundacja Podlaskie Centrum Radiowe i „Amicus Media” przy współpracy [&hellip;]</p>
