{"id":1348,"date":"2019-11-22T13:29:13","date_gmt":"2019-11-22T12:29:13","guid":{"rendered":"http:\/\/fundacja.radiopodlasie.pl\/?page_id=1348"},"modified":"2019-11-22T13:29:13","modified_gmt":"2019-11-22T12:29:13","slug":"desenie-losu-czyli-opowiesci-o-gustawie-herlingu-grudzinskim","status":"publish","type":"page","link":"https:\/\/fundacja.radiopodlasie.pl\/?page_id=1348","title":{"rendered":"DESENIE LOSU czyli Opowie\u015bci o Gustawie Herlingu-Grudzi\u0144skim"},"content":{"rendered":"<p>Jeden z najwybitniejszych pisarzy polskich XX wieku. Mia\u0142 odwag\u0119 pisa\u0107<br \/>\no totalitaryzmie, instrumentalizacji \u017cycia, cz\u0142owiecze\u0144stwie, cierpieniu. Rok 2019 przez Sejm RP zosta\u0142 ustanowiony jego rokiem, \u201ew uznaniu s\u0142owa i czynu wielkiego pisarza\u201d. Mowa<br \/>\no Gustawie Herlingu-Grudzi\u0144skim.<\/p>\n<p>Wielu z nas czyta\u0142o \u201eInny \u015awiat\u201d. Ale czy wiemy co\u015b wi\u0119cej na temat tego wybitnego pisarza? Czy znamy jego biografi\u0119? Czy kojarzymy inne jego dzie\u0142a?<\/p>\n<p>Aby przybli\u017cy\u0107 posta\u0107 i tw\u00f3rczo\u015b\u0107 pisarza, ukaza\u0107 wp\u0142yw, jaki mia\u0142y jego dzie\u0142a na Polak\u00f3w powsta\u0142 projekt \u201eDesenie losu, czyli opowie\u015bci o Gustawie Herlingu-Grudzi\u0144skim\u201d, kt\u00f3ry realizuje Fundacja Podlaskie Centrum Radiowe i \u201eAmicus Media\u201d. &nbsp;<\/p>\n<p>Realizacja projektu polega\u0142a na stworzeniu pi\u0119ciu program\u00f3w telewizyjnych na temat wybranych, najistotniejszych zagadnie\u0144 zwi\u0105zanych z postaci\u0105 Gustawa Herlinga-Grudzi\u0144skiego. Programy obejmuj\u0105 wypowiedzi ekspert\u00f3w na temat tw\u00f3rczo\u015bci pisarza,<br \/>\na tak\u017ce sondy, w kt\u00f3rych wypowiadaj\u0105 si\u0119 odbiorcy jego tw\u00f3rczo\u015bci. Zaanga\u017cowani zostali r\u00f3wnie\u017c profesjonalni aktorzy, kt\u00f3rych rol\u0105 by\u0142o czytanie fragment\u00f3w tekst\u00f3w Herlinga-Grudzi\u0144skiego.<\/p>\n<p>Efekt pracy nad projektem ogl\u0105da\u0107 mo\u017cemy ju\u017c dzi\u015b, wchodz\u0105c na stron\u0119 internetow\u0105 gustaw-herling-grudzinski.pl, odwiedzaj\u0105c profil na Facebooku: <a href=\"http:\/\/www.facebook.com\/ghgrudzinski\">www.facebook.com\/ghgrudzinski<\/a> czy Snapchata: Gustaw Herling-Grudzi\u0144ski.<\/p>\n<p>Zach\u0119camy Pa\u0144stwa do zapoznania si\u0119 ze zgromadzonym materia\u0142em. Warto uzupe\u0142ni\u0107 swoj\u0105 wiedz\u0119 na temat tak wybitnej postaci, jak\u0105 by\u0142 niew\u0105tpliwie Gustaw Herling-Grudzi\u0144ski.<\/p>\n<p>ZAPRASZAMY NA:<\/p>\n<h1 class=\"site-title\" style=\"text-align: center;\"><a href=\"http:\/\/gustaw-herling-grudzinski.pl\/\" rel=\"home\">DESENIE LOSU czyli Opowie\u015bci o Gustawie Herlingu-Grudzi\u0144skim<\/a><\/h1>\n<p><em>Projekt dofinansowano ze \u015brodk\u00f3w Ministra Kultury i Dziedzictwa Narodowego pochodz\u0105cych z Funduszu Kultury. <\/em><\/p>\n<p>&nbsp;<a href=\"http:\/\/fundacja.radiopodlasie.pl\/wp-content\/uploads\/2019\/11\/stopka-grudzinski.png\"><img decoding=\"async\" loading=\"lazy\" class=\"size-full wp-image-1345 aligncenter\" src=\"http:\/\/fundacja.radiopodlasie.pl\/wp-content\/uploads\/2019\/11\/stopka-grudzinski.png\" alt=\"\" width=\"1200\" height=\"100\" srcset=\"https:\/\/fundacja.radiopodlasie.pl\/wp-content\/uploads\/2019\/11\/stopka-grudzinski.png 1200w, https:\/\/fundacja.radiopodlasie.pl\/wp-content\/uploads\/2019\/11\/stopka-grudzinski-300x25.png 300w, https:\/\/fundacja.radiopodlasie.pl\/wp-content\/uploads\/2019\/11\/stopka-grudzinski-768x64.png 768w, https:\/\/fundacja.radiopodlasie.pl\/wp-content\/uploads\/2019\/11\/stopka-grudzinski-1024x85.png 1024w\" sizes=\"(max-width: 1200px) 100vw, 1200px\" \/><\/a><\/p>\n","protected":false},"excerpt":{"rendered":"<p>Jeden z najwybitniejszych pisarzy polskich XX wieku. Mia\u0142 odwag\u0119 pisa\u0107 o totalitaryzmie, instrumentalizacji \u017cycia, cz\u0142owiecze\u0144stwie, cierpieniu. Rok 2019 przez Sejm RP zosta\u0142 ustanowiony jego rokiem, \u201ew uznaniu s\u0142owa i czynu wielkiego pisarza\u201d. Mowa o Gustawie Herlingu-Grudzi\u0144skim. Wielu z nas czyta\u0142o \u201eInny \u015awiat\u201d. Ale czy wiemy co\u015b wi\u0119cej na temat tego wybitnego pisarza? Czy znamy jego [&hellip;]<\/p>\n","protected":false},"author":1,"featured_media":0,"parent":1195,"menu_order":0,"comment_status":"closed","ping_status":"closed","template":"","meta":{"ngg_post_thumbnail":0},"_links":{"self":[{"href":"https:\/\/fundacja.radiopodlasie.pl\/index.php?rest_route=\/wp\/v2\/pages\/1348"}],"collection":[{"href":"https:\/\/fundacja.radiopodlasie.pl\/index.php?rest_route=\/wp\/v2\/pages"}],"about":[{"href":"https:\/\/fundacja.radiopodlasie.pl\/index.php?rest_route=\/wp\/v2\/types\/page"}],"author":[{"embeddable":true,"href":"https:\/\/fundacja.radiopodlasie.pl\/index.php?rest_route=\/wp\/v2\/users\/1"}],"replies":[{"embeddable":true,"href":"https:\/\/fundacja.radiopodlasie.pl\/index.php?rest_route=%2Fwp%2Fv2%2Fcomments&post=1348"}],"version-history":[{"count":1,"href":"https:\/\/fundacja.radiopodlasie.pl\/index.php?rest_route=\/wp\/v2\/pages\/1348\/revisions"}],"predecessor-version":[{"id":1349,"href":"https:\/\/fundacja.radiopodlasie.pl\/index.php?rest_route=\/wp\/v2\/pages\/1348\/revisions\/1349"}],"up":[{"embeddable":true,"href":"https:\/\/fundacja.radiopodlasie.pl\/index.php?rest_route=\/wp\/v2\/pages\/1195"}],"wp:attachment":[{"href":"https:\/\/fundacja.radiopodlasie.pl\/index.php?rest_route=%2Fwp%2Fv2%2Fmedia&parent=1348"}],"curies":[{"name":"wp","href":"https:\/\/api.w.org\/{rel}","templated":true}]}}

DESENIE LOSU czyli Opowieści o Gustawie Herlingu-Grudzińskim

<p>Jeden z najwybitniejszych pisarzy polskich XX wieku. Miał odwagę pisać<br />
o totalitaryzmie, instrumentalizacji życia, człowieczeństwie, cierpieniu. Rok 2019 przez Sejm RP został ustanowiony jego rokiem, „w uznaniu słowa i czynu wielkiego pisarza”. Mowa<br />
o Gustawie Herlingu-Grudzińskim.</p>
<p>Wielu z nas czytało „Inny Świat”. Ale czy wiemy coś więcej na temat tego wybitnego pisarza? Czy znamy jego biografię? Czy kojarzymy inne jego dzieła?</p>
<p>Aby przybliżyć postać i twórczość pisarza, ukazać wpływ, jaki miały jego dzieła na Polaków powstał projekt „Desenie losu, czyli opowieści o Gustawie Herlingu-Grudzińskim”, który realizuje Fundacja Podlaskie Centrum Radiowe i „Amicus Media”. &nbsp;</p>
<p>Realizacja projektu polegała na stworzeniu pięciu programów telewizyjnych na temat wybranych, najistotniejszych zagadnień związanych z postacią Gustawa Herlinga-Grudzińskiego. Programy obejmują wypowiedzi ekspertów na temat twórczości pisarza,<br />
a także sondy, w których wypowiadają się odbiorcy jego twórczości. Zaangażowani zostali również profesjonalni aktorzy, których rolą było czytanie fragmentów tekstów Herlinga-Grudzińskiego.</p>
<p>Efekt pracy nad projektem oglądać możemy już dziś, wchodząc na stronę internetową gustaw-herling-grudzinski.pl, odwiedzając profil na Facebooku: <a href="http://www.facebook.com/ghgrudzinski">www.facebook.com/ghgrudzinski</a> czy Snapchata: Gustaw Herling-Grudziński.</p>
<p>Zachęcamy Państwa do zapoznania się ze zgromadzonym materiałem. Warto uzupełnić swoją wiedzę na temat tak wybitnej postaci, jaką był niewątpliwie Gustaw Herling-Grudziński.</p>
<p>ZAPRASZAMY NA:</p>
<h1 class="site-title" style="text-align: center;"><a href="http://gustaw-herling-grudzinski.pl/" rel="home">DESENIE LOSU czyli Opowieści o Gustawie Herlingu-Grudzińskim</a></h1>
<p><em>Projekt dofinansowano ze środków Ministra Kultury i Dziedzictwa Narodowego pochodzących z Funduszu Kultury. </em></p>
<p>&nbsp;<a href="http://fundacja.radiopodlasie.pl/wp-content/uploads/2019/11/stopka-grudzinski.png"><img decoding="async" loading="lazy" class="size-full wp-image-1345 aligncenter" src="http://fundacja.radiopodlasie.pl/wp-content/uploads/2019/11/stopka-grudzinski.png" alt="" width="1200" height="100" srcset="https://fundacja.radiopodlasie.pl/wp-content/uploads/2019/11/stopka-grudzinski.png 1200w, https://fundacja.radiopodlasie.pl/wp-content/uploads/2019/11/stopka-grudzinski-300x25.png 300w, https://fundacja.radiopodlasie.pl/wp-content/uploads/2019/11/stopka-grudzinski-768x64.png 768w, https://fundacja.radiopodlasie.pl/wp-content/uploads/2019/11/stopka-grudzinski-1024x85.png 1024w" sizes="(max-width: 1200px) 100vw, 1200px" /></a></p>

<p>Jeden z najwybitniejszych pisarzy polskich XX wieku. Miał odwagę pisać o totalitaryzmie, instrumentalizacji życia, człowieczeństwie, cierpieniu. Rok 2019 przez Sejm RP został ustanowiony jego rokiem, „w uznaniu słowa i czynu wielkiego pisarza”. Mowa o Gustawie Herlingu-Grudzińskim. Wielu z nas czytało „Inny Świat”. Ale czy wiemy coś więcej na temat tego wybitnego pisarza? Czy znamy jego [&hellip;]</p>
