{"id":2,"date":"2011-01-05T13:58:04","date_gmt":"2011-01-05T12:58:04","guid":{"rendered":"https:\/\/fundacja.radiopodlasie.pl\/?page_id=2"},"modified":"2013-03-20T16:50:26","modified_gmt":"2013-03-20T15:50:26","slug":"przykladowa-strona","status":"publish","type":"page","link":"https:\/\/fundacja.radiopodlasie.pl\/?page_id=2","title":{"rendered":"O Fundacji"},"content":{"rendered":"<p><a href=\"https:\/\/fundacja.radiopodlasie.pl\/?attachment_id=16\" rel=\"attachment wp-att-16\"><img decoding=\"async\" loading=\"lazy\" class=\"aligncenter size-full wp-image-16\" alt=\"PCR_logo\" src=\"https:\/\/fundacja.radiopodlasie.pl\/wp-content\/uploads\/2011\/01\/PCR_logo.png\" width=\"200\" height=\"162\" \/><\/a><\/p>\n<p><strong>Cel fundacji<\/strong><\/p>\n<p>Celem fundacji jest wszechstronny rozw\u00f3j medi\u00f3w katolickich na poziomie lokalnym i regionalnym w oparciu o zasady nauki spo\u0142ecznej Ko\u015bcio\u0142a Katolickiego, a zw\u0142aszcza rozwijanie aktywno\u015bci spo\u0142ecznej, gospodarczej i informacyjnej, wymiana do\u015bwiadcze\u0144 i wzmocnienie spo\u0142ecznego potencja\u0142u rozwojowego, poszukiwanie nowatorskich rozwi\u0105za\u0144 problem\u00f3w rynku medi\u00f3w elektronicznych, podejmowanie w oparciu o media dzia\u0142a\u0144 pomocowych i charytatywnych.<\/p>\n<p><strong>Fundacja realizuje swoje cele w szczeg\u00f3lno\u015bci poprzez:<\/strong><br \/>\n1.\u00a0\u00a0 \u00a0Dzia\u0142ania wychowawcze, o\u015bwiatowe i spo\u0142eczne zgodnych z nauk\u0105 spo\u0142eczn\u0105 Ko\u015bcio\u0142a.<br \/>\n2.\u00a0\u00a0 \u00a0Wspieranie\u00a0 Katolickiego\u00a0 Radia\u00a0 Podlasie\u00a0 w\u00a0 Siedlcach\u00a0 w jego dzia\u0142alno\u015bci programowej, redakcyjnej i emisyjnej.<br \/>\n3.\u00a0\u00a0 \u00a0Inicjowanie i wspieranie dzia\u0142a\u0144 informacyjnych realizowanych w przestrzeni Internetu.<br \/>\n4.\u00a0\u00a0 \u00a0Dzia\u0142ania\u00a0 edukacyjne,\u00a0 szkoleniowe\u00a0 i\u00a0 formacyjne\u00a0 na\u00a0\u00a0 rzecz\u00a0 pracownik\u00f3w i wolontariuszy medi\u00f3w katolickich Diecezji Siedleckiej.<br \/>\n5.\u00a0\u00a0 \u00a0Pomoc w pozyskiwaniu sprz\u0119tu i uzupe\u0142nianiu bazy sprz\u0119towej, technicznej, socjalnej.<br \/>\n6.\u00a0\u00a0 \u00a0Wspieranie innych zwi\u0105zk\u00f3w i organizacji katolickich oraz instytucji spo\u0142ecznych o podobnych celach.<br \/>\n7.\u00a0\u00a0 \u00a0Inicjowanie i promowanie wszelkich przedsi\u0119wzi\u0119\u0107 spo\u0142ecznych zbie\u017cnych z celami Fundacji.<br \/>\n8.\u00a0\u00a0 \u00a0Kszta\u0142towanie postaw spo\u0142ecznych i formacj\u0119 religijn\u0105 swoich wolontariuszy i wsp\u00f3\u0142pracownik\u00f3w zgodnie z nauczaniem Ko\u015bcio\u0142a Katolickiego.<\/p>\n<p><strong>Dzia\u0142alno\u015b\u0107 gospodarcza<\/strong><\/p>\n<p>Fundacja mo\u017ce prowadzi\u0107 &#8211; w\u0142a\u015bciw\u0105 dla jej cel\u00f3w &#8211; dzia\u0142alno\u015b\u0107 gospodarcz\u0105, w rozmiarach s\u0142u\u017c\u0105cych realizacji jej cel\u00f3w, w nast\u0119puj\u0105cych formach okre\u015blonych zgodnie z Polsk\u0105 Klasyfikacj\u0105 Dzia\u0142alno\u015bci 2007:<\/p>\n<p>a)\u00a0\u00a0 \u00a047-89-Z\u00a0 Sprzeda\u017c detaliczna pozosta\u0142ych wyrob\u00f3w prowadzona na straganach i targowiskach;<br \/>\nb)\u00a0\u00a0 \u00a058-11-Z\u00a0 Wydawanie ksi\u0105\u017cek;<br \/>\nc)\u00a0\u00a0 \u00a058-14-Z\u00a0 Wydawanie czasopism i pozosta\u0142ych periodyk\u00f3w;<br \/>\nd)\u00a0\u00a0 \u00a058-19-Z\u00a0 Pozosta\u0142a dzia\u0142alno\u015b\u0107 wydawnicza;<br \/>\ne)\u00a0\u00a0 \u00a059-20- Z\u00a0 Dzia\u0142alno\u015b\u0107 w zakresie nagra\u0144 d\u017awi\u0119kowych i muzycznych;<br \/>\nf)\u00a0\u00a0 \u00a060-10-Z\u00a0 Nadawanie program\u00f3w radiofonicznych;<br \/>\ng)\u00a0\u00a0 \u00a063-11-Z\u00a0 Przetwarzanie danych; zarz\u0105dzanie stronami internetowymi (hosting) i podobna dzia\u0142alno\u015b\u0107;<br \/>\nh)\u00a0\u00a0 \u00a063-12-Z\u00a0 Dzia\u0142alno\u015b\u0107 portali internetowych;<br \/>\ni)\u00a0\u00a0 \u00a073-12-A\u00a0 Po\u015brednictwo w sprzeda\u017cy czasu i miejsca na cele reklamowe w radio i<br \/>\ntelewizji;<br \/>\nj) 73-12-B\u00a0 Po\u015brednictwo w sprzeda\u017cy miejsca na cele reklamowe w mediach drukowanych;<br \/>\nk) 73-12-C\u00a0 Po\u015brednictwo w sprzeda\u017cy miejsca na cele reklamowe w mediach<br \/>\nelektronicznych (Internet);<br \/>\nI) 79-12-Z Dzia\u0142alno\u015b\u0107 organizator\u00f3w turystyki;<br \/>\nm) 85-59-B\u00a0 Pozosta\u0142e pozaszkolne formy edukacji, gdzie indziej niesklasyfikowane.<\/p>\n<p>&nbsp;<\/p>\n","protected":false},"excerpt":{"rendered":"<p>Cel fundacji Celem fundacji jest wszechstronny rozw\u00f3j medi\u00f3w katolickich na poziomie lokalnym i regionalnym w oparciu o zasady nauki spo\u0142ecznej Ko\u015bcio\u0142a Katolickiego, a zw\u0142aszcza rozwijanie aktywno\u015bci spo\u0142ecznej, gospodarczej i informacyjnej, wymiana do\u015bwiadcze\u0144 i wzmocnienie spo\u0142ecznego potencja\u0142u rozwojowego, poszukiwanie nowatorskich rozwi\u0105za\u0144 problem\u00f3w rynku medi\u00f3w elektronicznych, podejmowanie w oparciu o media dzia\u0142a\u0144 pomocowych i charytatywnych. Fundacja realizuje [&hellip;]<\/p>\n","protected":false},"author":1,"featured_media":0,"parent":0,"menu_order":0,"comment_status":"open","ping_status":"open","template":"","meta":{"ngg_post_thumbnail":0},"_links":{"self":[{"href":"https:\/\/fundacja.radiopodlasie.pl\/index.php?rest_route=\/wp\/v2\/pages\/2"}],"collection":[{"href":"https:\/\/fundacja.radiopodlasie.pl\/index.php?rest_route=\/wp\/v2\/pages"}],"about":[{"href":"https:\/\/fundacja.radiopodlasie.pl\/index.php?rest_route=\/wp\/v2\/types\/page"}],"author":[{"embeddable":true,"href":"https:\/\/fundacja.radiopodlasie.pl\/index.php?rest_route=\/wp\/v2\/users\/1"}],"replies":[{"embeddable":true,"href":"https:\/\/fundacja.radiopodlasie.pl\/index.php?rest_route=%2Fwp%2Fv2%2Fcomments&post=2"}],"version-history":[{"count":3,"href":"https:\/\/fundacja.radiopodlasie.pl\/index.php?rest_route=\/wp\/v2\/pages\/2\/revisions"}],"predecessor-version":[{"id":19,"href":"https:\/\/fundacja.radiopodlasie.pl\/index.php?rest_route=\/wp\/v2\/pages\/2\/revisions\/19"}],"wp:attachment":[{"href":"https:\/\/fundacja.radiopodlasie.pl\/index.php?rest_route=%2Fwp%2Fv2%2Fmedia&parent=2"}],"curies":[{"name":"wp","href":"https:\/\/api.w.org\/{rel}","templated":true}]}}

<p><a href="https://fundacja.radiopodlasie.pl/?attachment_id=16" rel="attachment wp-att-16"><img decoding="async" loading="lazy" class="aligncenter size-full wp-image-16" alt="PCR_logo" src="https://fundacja.radiopodlasie.pl/wp-content/uploads/2011/01/PCR_logo.png" width="200" height="162" /></a></p>
<p><strong>Cel fundacji</strong></p>
<p>Celem fundacji jest wszechstronny rozwój mediów katolickich na poziomie lokalnym i regionalnym w oparciu o zasady nauki społecznej Kościoła Katolickiego, a zwłaszcza rozwijanie aktywności społecznej, gospodarczej i informacyjnej, wymiana doświadczeń i wzmocnienie społecznego potencjału rozwojowego, poszukiwanie nowatorskich rozwiązań problemów rynku mediów elektronicznych, podejmowanie w oparciu o media działań pomocowych i charytatywnych.</p>
<p><strong>Fundacja realizuje swoje cele w szczególności poprzez:</strong><br />
1.    Działania wychowawcze, oświatowe i społeczne zgodnych z nauką społeczną Kościoła.<br />
2.    Wspieranie  Katolickiego  Radia  Podlasie  w  Siedlcach  w jego działalności programowej, redakcyjnej i emisyjnej.<br />
3.    Inicjowanie i wspieranie działań informacyjnych realizowanych w przestrzeni Internetu.<br />
4.    Działania  edukacyjne,  szkoleniowe  i  formacyjne  na   rzecz  pracowników i wolontariuszy mediów katolickich Diecezji Siedleckiej.<br />
5.    Pomoc w pozyskiwaniu sprzętu i uzupełnianiu bazy sprzętowej, technicznej, socjalnej.<br />
6.    Wspieranie innych związków i organizacji katolickich oraz instytucji społecznych o podobnych celach.<br />
7.    Inicjowanie i promowanie wszelkich przedsięwzięć społecznych zbieżnych z celami Fundacji.<br />
8.    Kształtowanie postaw społecznych i formację religijną swoich wolontariuszy i współpracowników zgodnie z nauczaniem Kościoła Katolickiego.</p>
<p><strong>Działalność gospodarcza</strong></p>
<p>Fundacja może prowadzić &#8211; właściwą dla jej celów &#8211; działalność gospodarczą, w rozmiarach służących realizacji jej celów, w następujących formach określonych zgodnie z Polską Klasyfikacją Działalności 2007:</p>
<p>a)    47-89-Z  Sprzedaż detaliczna pozostałych wyrobów prowadzona na straganach i targowiskach;<br />
b)    58-11-Z  Wydawanie książek;<br />
c)    58-14-Z  Wydawanie czasopism i pozostałych periodyków;<br />
d)    58-19-Z  Pozostała działalność wydawnicza;<br />
e)    59-20- Z  Działalność w zakresie nagrań dźwiękowych i muzycznych;<br />
f)    60-10-Z  Nadawanie programów radiofonicznych;<br />
g)    63-11-Z  Przetwarzanie danych; zarządzanie stronami internetowymi (hosting) i podobna działalność;<br />
h)    63-12-Z  Działalność portali internetowych;<br />
i)    73-12-A  Pośrednictwo w sprzedaży czasu i miejsca na cele reklamowe w radio i<br />
telewizji;<br />
j) 73-12-B  Pośrednictwo w sprzedaży miejsca na cele reklamowe w mediach drukowanych;<br />
k) 73-12-C  Pośrednictwo w sprzedaży miejsca na cele reklamowe w mediach<br />
elektronicznych (Internet);<br />
I) 79-12-Z Działalność organizatorów turystyki;<br />
m) 85-59-B  Pozostałe pozaszkolne formy edukacji, gdzie indziej niesklasyfikowane.</p>
<p>&nbsp;</p>

<p>Cel fundacji Celem fundacji jest wszechstronny rozwój mediów katolickich na poziomie lokalnym i regionalnym w oparciu o zasady nauki społecznej Kościoła Katolickiego, a zwłaszcza rozwijanie aktywności społecznej, gospodarczej i informacyjnej, wymiana doświadczeń i wzmocnienie społecznego potencjału rozwojowego, poszukiwanie nowatorskich rozwiązań problemów rynku mediów elektronicznych, podejmowanie w oparciu o media działań pomocowych i charytatywnych. Fundacja realizuje [&hellip;]</p>
